{"id":19,"date":"2019-07-08T13:51:11","date_gmt":"2019-07-08T13:51:11","guid":{"rendered":"https:\/\/verzollung-neu.de\/?page_id=19"},"modified":"2019-09-22T11:19:26","modified_gmt":"2019-09-22T11:19:26","slug":"kontakt","status":"publish","type":"page","link":"https:\/\/verzollung-neu.de\/?page_id=19","title":{"rendered":"Kontakt"},"content":{"rendered":"\t\t<div data-elementor-type=\"wp-post\" data-elementor-id=\"19\" class=\"elementor elementor-19\">\n\t\t\t\t\t\t<section class=\"elementor-section elementor-top-section elementor-element elementor-element-620c2a6a elementor-section-boxed elementor-section-height-default elementor-section-height-default\" data-id=\"620c2a6a\" data-element_type=\"section\" data-e-type=\"section\">\n\t\t\t\t\t\t<div class=\"elementor-container elementor-column-gap-default\">\n\t\t\t\t\t<div class=\"elementor-column elementor-col-100 elementor-top-column elementor-element elementor-element-43587454\" data-id=\"43587454\" data-element_type=\"column\" data-e-type=\"column\">\n\t\t\t<div class=\"elementor-widget-wrap elementor-element-populated\">\n\t\t\t\t\t\t<div class=\"elementor-element elementor-element-dacff0c elementor-widget elementor-widget-heading\" data-id=\"dacff0c\" data-element_type=\"widget\" data-e-type=\"widget\" data-widget_type=\"heading.default\">\n\t\t\t\t<div class=\"elementor-widget-container\">\n\t\t\t\t\t<h2 class=\"elementor-heading-title elementor-size-large\">Ihr Kontakt zu uns<\/h2>\t\t\t\t<\/div>\n\t\t\t\t<\/div>\n\t\t\t\t<div class=\"elementor-element elementor-element-3c694151 elementor-widget elementor-widget-text-editor\" data-id=\"3c694151\" data-element_type=\"widget\" data-e-type=\"widget\" data-widget_type=\"text-editor.default\">\n\t\t\t\t<div class=\"elementor-widget-container\">\n\t\t\t\t\t\t\t\t\t<div class=\"wpforms-container wpforms-container-full\" id=\"wpforms-59\">\n<form id=\"wpforms-form-59\" class=\"wpforms-validate wpforms-form\" data-formid=\"59\" method=\"post\" enctype=\"multipart\/form-data\" action=\"\/index.php?rest_route=%2Fwp%2Fv2%2Fpages%2F19\" data-token=\"852715a96e1da1b443f97d084543fcf8\" data-token-time=\"1775295352\"><noscript class=\"wpforms-error-noscript\">Bitte aktiviere JavaScript in deinem Browser, um dieses Formular fertigzustellen.<\/noscript><\/p>\n<div class=\"wpforms-field-container\">\n<div id=\"wpforms-59-field_0-container\" class=\"wpforms-field wpforms-field-name\" data-field-id=\"0\"><label class=\"wpforms-field-label\">Name<\/label><\/p>\n<div class=\"wpforms-field-row wpforms-field-medium\">\n<div class=\"wpforms-field-row-block wpforms-first wpforms-one-half\"><input type=\"text\" id=\"wpforms-59-field_0\" class=\"wpforms-field-name-first\" name=\"wpforms[fields][0][first]\" ><label for=\"wpforms-59-field_0\" class=\"wpforms-field-sublabel after\">Vorname<\/label><\/div>\n<div class=\"wpforms-field-row-block wpforms-one-half\"><input type=\"text\" id=\"wpforms-59-field_0-last\" class=\"wpforms-field-name-last\" name=\"wpforms[fields][0][last]\" ><label for=\"wpforms-59-field_0-last\" class=\"wpforms-field-sublabel after\">Nachname<\/label><\/div>\n<\/div>\n<\/div>\n<div id=\"wpforms-59-field_1-container\" class=\"wpforms-field wpforms-field-email\" data-field-id=\"1\"><label class=\"wpforms-field-label\" for=\"wpforms-59-field_1\">E-Mail <span class=\"wpforms-required-label\">*<\/span><\/label><input type=\"email\" id=\"wpforms-59-field_1\" class=\"wpforms-field-medium wpforms-field-required\" name=\"wpforms[fields][1]\" spellcheck=\"false\" required><\/div>\n<div id=\"wpforms-59-field_4-container\" class=\"wpforms-field wpforms-field-number\" data-field-id=\"4\"><label class=\"wpforms-field-label\" for=\"wpforms-59-field_4\">Telefonnummer<\/label><input type=\"number\" id=\"wpforms-59-field_4\" class=\"wpforms-field-small\" name=\"wpforms[fields][4]\" placeholder=\"+49 1234 567891\" step=\"any\" ><\/p>\n<div class=\"wpforms-field-description\">Tragen Sie hier falls gew\u00fcnscht Ihre R\u00fcckrufnummer ein, damit wir Sie f\u00fcr R\u00fcckfragen telefonisch Kontaktieren k\u00f6nnen.<\/div>\n<\/div>\n<div id=\"wpforms-59-field_3-container\" class=\"wpforms-field wpforms-field-checkbox\" data-field-id=\"3\"><label class=\"wpforms-field-label\">Terminwunsch<\/label><\/p>\n<ul id=\"wpforms-59-field_3\" data-choice-limit=\"1\">\n<li class=\"choice-1 depth-1\"><input type=\"checkbox\" id=\"wpforms-59-field_3_1\" data-rule-check-limit=\"true\" name=\"wpforms[fields][3][]\" value=\"8 Uhr - 13 Uhr\"  ><label class=\"wpforms-field-label-inline\" for=\"wpforms-59-field_3_1\">8 Uhr &#8211; 13 Uhr<\/label><\/li>\n<li class=\"choice-2 depth-1\"><input type=\"checkbox\" id=\"wpforms-59-field_3_2\" data-rule-check-limit=\"true\" name=\"wpforms[fields][3][]\" value=\"14 Uhr - 16 Uhr\"  ><label class=\"wpforms-field-label-inline\" for=\"wpforms-59-field_3_2\">14 Uhr &#8211; 16 Uhr<\/label><\/li>\n<\/ul>\n<div class=\"wpforms-field-description\">Wir bem\u00fchen uns stets Ihren Wunsch Termin einzuhalten. Nach Bearbeitung Ihrer Kontakt Anfrage werden Sie von uns per Email Kontaktiert und erhalten einen Termin. <br \/>Falls Sie weitere w\u00fcnsche zu Ihrem Termin haben sollten schreiben Sie dies bitte Unter Ihr Anliegen.<\/div>\n<\/div>\n<div id=\"wpforms-59-field_2-container\" class=\"wpforms-field wpforms-field-textarea\" data-field-id=\"2\"><label class=\"wpforms-field-label\" for=\"wpforms-59-field_2\">Ihre Nachricht <span class=\"wpforms-required-label\">*<\/span><\/label><textarea id=\"wpforms-59-field_2\" class=\"wpforms-field-medium wpforms-field-required\" name=\"wpforms[fields][2]\" required><\/textarea><\/div>\n<\/div>\n<p><!-- .wpforms-field-container --><\/p>\n<div class=\"wpforms-submit-container\" ><input type=\"hidden\" name=\"wpforms[id]\" value=\"59\"><input type=\"hidden\" name=\"page_title\" value=\"\"><input type=\"hidden\" name=\"page_url\" value=\"https:\/\/verzollung-neu.de\/index.php?rest_route=\/wp\/v2\/pages\/19\"><input type=\"hidden\" name=\"url_referer\" value=\"\"><button type=\"submit\" name=\"wpforms[submit]\" id=\"wpforms-submit-59\" class=\"wpforms-submit\" data-alt-text=\"Senden...\" data-submit-text=\"Absenden\" aria-live=\"assertive\" value=\"wpforms-submit\">Absenden<\/button><\/div>\n<\/form>\n<\/div>\n<p>  <!-- .wpforms-container --><\/p>\n\t\t\t\t\t\t\t\t<\/div>\n\t\t\t\t<\/div>\n\t\t\t\t\t<\/div>\n\t\t<\/div>\n\t\t\t\t\t<\/div>\n\t\t<\/section>\n\t\t\t\t<\/div>\n\t\t","protected":false},"excerpt":{"rendered":"<p>Ihr Kontakt zu uns<\/p>\n","protected":false},"author":3,"featured_media":0,"parent":0,"menu_order":0,"comment_status":"closed","ping_status":"closed","template":"","meta":{"footnotes":""},"class_list":["post-19","page","type-page","status-publish","hentry"],"_links":{"self":[{"href":"https:\/\/verzollung-neu.de\/index.php?rest_route=\/wp\/v2\/pages\/19","targetHints":{"allow":["GET"]}}],"collection":[{"href":"https:\/\/verzollung-neu.de\/index.php?rest_route=\/wp\/v2\/pages"}],"about":[{"href":"https:\/\/verzollung-neu.de\/index.php?rest_route=\/wp\/v2\/types\/page"}],"author":[{"embeddable":true,"href":"https:\/\/verzollung-neu.de\/index.php?rest_route=\/wp\/v2\/users\/3"}],"replies":[{"embeddable":true,"href":"https:\/\/verzollung-neu.de\/index.php?rest_route=%2Fwp%2Fv2%2Fcomments&post=19"}],"version-history":[{"count":4,"href":"https:\/\/verzollung-neu.de\/index.php?rest_route=\/wp\/v2\/pages\/19\/revisions"}],"predecessor-version":[{"id":68,"href":"https:\/\/verzollung-neu.de\/index.php?rest_route=\/wp\/v2\/pages\/19\/revisions\/68"}],"wp:attachment":[{"href":"https:\/\/verzollung-neu.de\/index.php?rest_route=%2Fwp%2Fv2%2Fmedia&parent=19"}],"curies":[{"name":"wp","href":"https:\/\/api.w.org\/{rel}","templated":true}]}}